{"id":1553,"date":"2020-03-03T17:54:41","date_gmt":"2020-03-03T16:54:41","guid":{"rendered":"https:\/\/kamenicky.art\/?post_type=product&#038;p=1553"},"modified":"2026-01-08T20:52:36","modified_gmt":"2026-01-08T19:52:36","slug":"svetlo-na-konci-tunela","status":"publish","type":"product","link":"https:\/\/kamenicky.art\/en\/product\/svetlo-na-konci-tunela\/","title":{"rendered":"LIGHT AT THE END OF THE TUNNEL"},"content":{"rendered":"<p>In Light at the End of the Tunnel, the artist works with a dynamic composition and swirling movement of lines, evoking a transition from darkness to light within a cosmic perspective. Through the use of impasto texture and chromatic gradation \u2014 from cool blue-green tones to radiant gold \u2014 Kamenick\u00fd creates optical depth and an illusion of spatial shift. Expressive brushwork and rhythmic structures emphasize the kinetic energy and visual tension of the painting, while the contrast of light and shadow reinforces its symbolism of transformation and passage.<\/p>","protected":false},"excerpt":{"rendered":"<p>V\u00a0diele SVETLO NA KONCI TUNELA autor pracuje s dynamickou kompoz\u00edciou a v\u00edriv\u00fdm pohybom l\u00edni\u00ed, \u010d\u00edm evokuje prechod z temnoty do svetla v kontexte kozmickej perspekt\u00edvy. Autor vyu\u017e\u00edva past\u00f3znu text\u00faru a chromatick\u00fa grad\u00e1ciu od chladn\u00fdch modrozelen\u00fdch t\u00f3nov k \u017eiarivej zlatej, \u010d\u00edm vytv\u00e1ra optick\u00fa h\u013abku a il\u00faziu priestorov\u00e9ho posunu. Expres\u00edvna ma\u013eba a rytmick\u00e9 \u0161trukt\u00fary zd\u00f4raz\u0148uj\u00fa kinetiku a [&hellip;]<\/p>","protected":false},"featured_media":284,"template":"","meta":{"_acf_changed":false,"_editorskit_title_hidden":false,"_editorskit_reading_time":0,"_editorskit_is_block_options_detached":false,"_editorskit_block_options_position":"{}","_monsterinsights_skip_tracking":false,"_monsterinsights_sitenote_active":false,"_monsterinsights_sitenote_note":"","_monsterinsights_sitenote_category":0},"artwork-dimension":[31],"artwork-style":[8],"artwork-type":[11],"artwork-year":[30],"product_brand":[],"product_cat":[337],"product_tag":[],"class_list":{"0":"post-1553","1":"product","2":"type-product","3":"status-publish","4":"has-post-thumbnail","6":"artwork-dimension-100-x-150-cm","7":"artwork-style-acryl-on-canvas","8":"artwork-type-abstract","9":"artwork-year-30","10":"product_cat-nezaradene","12":"first","13":"instock","14":"shipping-taxable","15":"product-type-simple"},"acf":[],"yoast_head":"<!-- This site is optimized with the Yoast SEO plugin v27.0 - https:\/\/yoast.com\/product\/yoast-seo-wordpress\/ -->\n<title>SVETLO NA KONCI TUNELA - Laco Kamenick\u00fd<\/title>\n<meta name=\"robots\" content=\"index, follow, max-snippet:-1, max-image-preview:large, max-video-preview:-1\" \/>\n<link rel=\"canonical\" href=\"https:\/\/kamenicky.art\/en\/product\/svetlo-na-konci-tunela\/\" \/>\n<meta property=\"og:locale\" content=\"en_US\" \/>\n<meta property=\"og:type\" content=\"article\" \/>\n<meta property=\"og:title\" content=\"SVETLO NA KONCI TUNELA - Laco Kamenick\u00fd\" \/>\n<meta property=\"og:description\" content=\"V\u00a0diele SVETLO NA KONCI TUNELA autor pracuje s dynamickou kompoz\u00edciou a v\u00edriv\u00fdm pohybom l\u00edni\u00ed, \u010d\u00edm evokuje prechod z temnoty do svetla v kontexte kozmickej perspekt\u00edvy. Autor vyu\u017e\u00edva past\u00f3znu text\u00faru a chromatick\u00fa grad\u00e1ciu od chladn\u00fdch modrozelen\u00fdch t\u00f3nov k \u017eiarivej zlatej, \u010d\u00edm vytv\u00e1ra optick\u00fa h\u013abku a il\u00faziu priestorov\u00e9ho posunu. Expres\u00edvna ma\u013eba a rytmick\u00e9 \u0161trukt\u00fary zd\u00f4raz\u0148uj\u00fa kinetiku a [&hellip;]\" \/>\n<meta property=\"og:url\" content=\"https:\/\/kamenicky.art\/en\/product\/svetlo-na-konci-tunela\/\" \/>\n<meta property=\"og:site_name\" content=\"Laco Kamenick\u00fd\" \/>\n<meta property=\"article:modified_time\" content=\"2026-01-08T19:52:36+00:00\" \/>\n<meta property=\"og:image\" content=\"https:\/\/kamenicky.art\/wp-content\/uploads\/2025\/02\/Edit-544.jpg\" \/>\n\t<meta property=\"og:image:width\" content=\"2048\" \/>\n\t<meta property=\"og:image:height\" content=\"1363\" \/>\n\t<meta property=\"og:image:type\" content=\"image\/jpeg\" \/>\n<meta name=\"twitter:card\" content=\"summary_large_image\" \/>\n<meta name=\"twitter:label1\" content=\"Est. reading time\" \/>\n\t<meta name=\"twitter:data1\" content=\"1 minute\" \/>\n<script type=\"application\/ld+json\" class=\"yoast-schema-graph\">{\"@context\":\"https:\/\/schema.org\",\"@graph\":[{\"@type\":\"WebPage\",\"@id\":\"https:\/\/kamenicky.art\/produkt\/svetlo-na-konci-tunela\/\",\"url\":\"https:\/\/kamenicky.art\/produkt\/svetlo-na-konci-tunela\/\",\"name\":\"SVETLO NA KONCI TUNELA - Laco Kamenick\u00fd\",\"isPartOf\":{\"@id\":\"https:\/\/kamenicky.art\/#website\"},\"primaryImageOfPage\":{\"@id\":\"https:\/\/kamenicky.art\/produkt\/svetlo-na-konci-tunela\/#primaryimage\"},\"image\":{\"@id\":\"https:\/\/kamenicky.art\/produkt\/svetlo-na-konci-tunela\/#primaryimage\"},\"thumbnailUrl\":\"https:\/\/kamenicky.art\/wp-content\/uploads\/2025\/02\/Edit-544.jpg\",\"datePublished\":\"2020-03-03T16:54:41+00:00\",\"dateModified\":\"2026-01-08T19:52:36+00:00\",\"breadcrumb\":{\"@id\":\"https:\/\/kamenicky.art\/produkt\/svetlo-na-konci-tunela\/#breadcrumb\"},\"inLanguage\":\"en-US\",\"potentialAction\":[{\"@type\":\"ReadAction\",\"target\":[\"https:\/\/kamenicky.art\/produkt\/svetlo-na-konci-tunela\/\"]}]},{\"@type\":\"ImageObject\",\"inLanguage\":\"en-US\",\"@id\":\"https:\/\/kamenicky.art\/produkt\/svetlo-na-konci-tunela\/#primaryimage\",\"url\":\"https:\/\/kamenicky.art\/wp-content\/uploads\/2025\/02\/Edit-544.jpg\",\"contentUrl\":\"https:\/\/kamenicky.art\/wp-content\/uploads\/2025\/02\/Edit-544.jpg\",\"width\":2048,\"height\":1363},{\"@type\":\"BreadcrumbList\",\"@id\":\"https:\/\/kamenicky.art\/produkt\/svetlo-na-konci-tunela\/#breadcrumb\",\"itemListElement\":[{\"@type\":\"ListItem\",\"position\":1,\"name\":\"Home\",\"item\":\"https:\/\/kamenicky.art\/\"},{\"@type\":\"ListItem\",\"position\":2,\"name\":\"Obchod\",\"item\":\"https:\/\/kamenicky.art\/?page_id=567\"},{\"@type\":\"ListItem\",\"position\":3,\"name\":\"SVETLO NA KONCI TUNELA\"}]},{\"@type\":\"WebSite\",\"@id\":\"https:\/\/kamenicky.art\/#website\",\"url\":\"https:\/\/kamenicky.art\/\",\"name\":\"Laco Kamenick\u00fd\",\"description\":\"\",\"publisher\":{\"@id\":\"https:\/\/kamenicky.art\/#organization\"},\"potentialAction\":[{\"@type\":\"SearchAction\",\"target\":{\"@type\":\"EntryPoint\",\"urlTemplate\":\"https:\/\/kamenicky.art\/?s={search_term_string}\"},\"query-input\":{\"@type\":\"PropertyValueSpecification\",\"valueRequired\":true,\"valueName\":\"search_term_string\"}}],\"inLanguage\":\"en-US\"},{\"@type\":\"Organization\",\"@id\":\"https:\/\/kamenicky.art\/#organization\",\"name\":\"Laco Kamenick\u00fd\",\"url\":\"https:\/\/kamenicky.art\/\",\"logo\":{\"@type\":\"ImageObject\",\"inLanguage\":\"en-US\",\"@id\":\"https:\/\/kamenicky.art\/#\/schema\/logo\/image\/\",\"url\":\"https:\/\/kamenicky.art\/wp-content\/uploads\/2025\/07\/logo_lk.jpg\",\"contentUrl\":\"https:\/\/kamenicky.art\/wp-content\/uploads\/2025\/07\/logo_lk.jpg\",\"width\":900,\"height\":900,\"caption\":\"Laco Kamenick\u00fd\"},\"image\":{\"@id\":\"https:\/\/kamenicky.art\/#\/schema\/logo\/image\/\"}}]}<\/script>\n<!-- \/ Yoast SEO plugin. -->","yoast_head_json":{"title":"SVETLO NA KONCI TUNELA - Laco Kamenick\u00fd","robots":{"index":"index","follow":"follow","max-snippet":"max-snippet:-1","max-image-preview":"max-image-preview:large","max-video-preview":"max-video-preview:-1"},"canonical":"https:\/\/kamenicky.art\/en\/product\/svetlo-na-konci-tunela\/","og_locale":"en_US","og_type":"article","og_title":"SVETLO NA KONCI TUNELA - Laco Kamenick\u00fd","og_description":"V\u00a0diele SVETLO NA KONCI TUNELA autor pracuje s dynamickou kompoz\u00edciou a v\u00edriv\u00fdm pohybom l\u00edni\u00ed, \u010d\u00edm evokuje prechod z temnoty do svetla v kontexte kozmickej perspekt\u00edvy. Autor vyu\u017e\u00edva past\u00f3znu text\u00faru a chromatick\u00fa grad\u00e1ciu od chladn\u00fdch modrozelen\u00fdch t\u00f3nov k \u017eiarivej zlatej, \u010d\u00edm vytv\u00e1ra optick\u00fa h\u013abku a il\u00faziu priestorov\u00e9ho posunu. Expres\u00edvna ma\u013eba a rytmick\u00e9 \u0161trukt\u00fary zd\u00f4raz\u0148uj\u00fa kinetiku a [&hellip;]","og_url":"https:\/\/kamenicky.art\/en\/product\/svetlo-na-konci-tunela\/","og_site_name":"Laco Kamenick\u00fd","article_modified_time":"2026-01-08T19:52:36+00:00","og_image":[{"width":2048,"height":1363,"url":"https:\/\/kamenicky.art\/wp-content\/uploads\/2025\/02\/Edit-544.jpg","type":"image\/jpeg"}],"twitter_card":"summary_large_image","twitter_misc":{"Est. reading time":"1 minute"},"schema":{"@context":"https:\/\/schema.org","@graph":[{"@type":"WebPage","@id":"https:\/\/kamenicky.art\/produkt\/svetlo-na-konci-tunela\/","url":"https:\/\/kamenicky.art\/produkt\/svetlo-na-konci-tunela\/","name":"SVETLO NA KONCI TUNELA - Laco Kamenick\u00fd","isPartOf":{"@id":"https:\/\/kamenicky.art\/#website"},"primaryImageOfPage":{"@id":"https:\/\/kamenicky.art\/produkt\/svetlo-na-konci-tunela\/#primaryimage"},"image":{"@id":"https:\/\/kamenicky.art\/produkt\/svetlo-na-konci-tunela\/#primaryimage"},"thumbnailUrl":"https:\/\/kamenicky.art\/wp-content\/uploads\/2025\/02\/Edit-544.jpg","datePublished":"2020-03-03T16:54:41+00:00","dateModified":"2026-01-08T19:52:36+00:00","breadcrumb":{"@id":"https:\/\/kamenicky.art\/produkt\/svetlo-na-konci-tunela\/#breadcrumb"},"inLanguage":"en-US","potentialAction":[{"@type":"ReadAction","target":["https:\/\/kamenicky.art\/produkt\/svetlo-na-konci-tunela\/"]}]},{"@type":"ImageObject","inLanguage":"en-US","@id":"https:\/\/kamenicky.art\/produkt\/svetlo-na-konci-tunela\/#primaryimage","url":"https:\/\/kamenicky.art\/wp-content\/uploads\/2025\/02\/Edit-544.jpg","contentUrl":"https:\/\/kamenicky.art\/wp-content\/uploads\/2025\/02\/Edit-544.jpg","width":2048,"height":1363},{"@type":"BreadcrumbList","@id":"https:\/\/kamenicky.art\/produkt\/svetlo-na-konci-tunela\/#breadcrumb","itemListElement":[{"@type":"ListItem","position":1,"name":"Home","item":"https:\/\/kamenicky.art\/"},{"@type":"ListItem","position":2,"name":"Obchod","item":"https:\/\/kamenicky.art\/?page_id=567"},{"@type":"ListItem","position":3,"name":"SVETLO NA KONCI TUNELA"}]},{"@type":"WebSite","@id":"https:\/\/kamenicky.art\/#website","url":"https:\/\/kamenicky.art\/","name":"Laco Kamenick\u00fd","description":"","publisher":{"@id":"https:\/\/kamenicky.art\/#organization"},"potentialAction":[{"@type":"SearchAction","target":{"@type":"EntryPoint","urlTemplate":"https:\/\/kamenicky.art\/?s={search_term_string}"},"query-input":{"@type":"PropertyValueSpecification","valueRequired":true,"valueName":"search_term_string"}}],"inLanguage":"en-US"},{"@type":"Organization","@id":"https:\/\/kamenicky.art\/#organization","name":"Laco Kamenick\u00fd","url":"https:\/\/kamenicky.art\/","logo":{"@type":"ImageObject","inLanguage":"en-US","@id":"https:\/\/kamenicky.art\/#\/schema\/logo\/image\/","url":"https:\/\/kamenicky.art\/wp-content\/uploads\/2025\/07\/logo_lk.jpg","contentUrl":"https:\/\/kamenicky.art\/wp-content\/uploads\/2025\/07\/logo_lk.jpg","width":900,"height":900,"caption":"Laco Kamenick\u00fd"},"image":{"@id":"https:\/\/kamenicky.art\/#\/schema\/logo\/image\/"}}]}},"_links":{"self":[{"href":"https:\/\/kamenicky.art\/en\/wp-json\/wp\/v2\/product\/1553","targetHints":{"allow":["GET"]}}],"collection":[{"href":"https:\/\/kamenicky.art\/en\/wp-json\/wp\/v2\/product"}],"about":[{"href":"https:\/\/kamenicky.art\/en\/wp-json\/wp\/v2\/types\/product"}],"wp:featuredmedia":[{"embeddable":true,"href":"https:\/\/kamenicky.art\/en\/wp-json\/wp\/v2\/media\/284"}],"wp:attachment":[{"href":"https:\/\/kamenicky.art\/en\/wp-json\/wp\/v2\/media?parent=1553"}],"wp:term":[{"taxonomy":"artwork-dimension","embeddable":true,"href":"https:\/\/kamenicky.art\/en\/wp-json\/wp\/v2\/artwork-dimension?post=1553"},{"taxonomy":"artwork-style","embeddable":true,"href":"https:\/\/kamenicky.art\/en\/wp-json\/wp\/v2\/artwork-style?post=1553"},{"taxonomy":"artwork-type","embeddable":true,"href":"https:\/\/kamenicky.art\/en\/wp-json\/wp\/v2\/artwork-type?post=1553"},{"taxonomy":"artwork-year","embeddable":true,"href":"https:\/\/kamenicky.art\/en\/wp-json\/wp\/v2\/artwork-year?post=1553"},{"taxonomy":"product_brand","embeddable":true,"href":"https:\/\/kamenicky.art\/en\/wp-json\/wp\/v2\/product_brand?post=1553"},{"taxonomy":"product_cat","embeddable":true,"href":"https:\/\/kamenicky.art\/en\/wp-json\/wp\/v2\/product_cat?post=1553"},{"taxonomy":"product_tag","embeddable":true,"href":"https:\/\/kamenicky.art\/en\/wp-json\/wp\/v2\/product_tag?post=1553"}],"curies":[{"name":"wp","href":"https:\/\/api.w.org\/{rel}","templated":true}]}}

<p>In Light at the End of the Tunnel, the artist works with a dynamic composition and swirling movement of lines, evoking a transition from darkness to light within a cosmic perspective. Through the use of impasto texture and chromatic gradation — from cool blue-green tones to radiant gold — Kamenický creates optical depth and an illusion of spatial shift. Expressive brushwork and rhythmic structures emphasize the kinetic energy and visual tension of the painting, while the contrast of light and shadow reinforces its symbolism of transformation and passage.</p>

<p>V diele SVETLO NA KONCI TUNELA autor pracuje s dynamickou kompozíciou a vírivým pohybom línií, čím evokuje prechod z temnoty do svetla v kontexte kozmickej perspektívy. Autor využíva pastóznu textúru a chromatickú gradáciu od chladných modrozelených tónov k žiarivej zlatej, čím vytvára optickú hĺbku a ilúziu priestorového posunu. Expresívna maľba a rytmické štruktúry zdôrazňujú kinetiku a [&hellip;]</p>

<!-- This site is optimized with the Yoast SEO plugin v27.0 - https://yoast.com/product/yoast-seo-wordpress/ -->
<title>SVETLO NA KONCI TUNELA - Laco Kamenický</title>
<meta name="robots" content="index, follow, max-snippet:-1, max-image-preview:large, max-video-preview:-1" />
<link rel="canonical" href="https://kamenicky.art/en/product/svetlo-na-konci-tunela/" />
<meta property="og:locale" content="en_US" />
<meta property="og:type" content="article" />
<meta property="og:title" content="SVETLO NA KONCI TUNELA - Laco Kamenický" />
<meta property="og:description" content="V diele SVETLO NA KONCI TUNELA autor pracuje s dynamickou kompozíciou a vírivým pohybom línií, čím evokuje prechod z temnoty do svetla v kontexte kozmickej perspektívy. Autor využíva pastóznu textúru a chromatickú gradáciu od chladných modrozelených tónov k žiarivej zlatej, čím vytvára optickú hĺbku a ilúziu priestorového posunu. Expresívna maľba a rytmické štruktúry zdôrazňujú kinetiku a [&hellip;]" />
<meta property="og:url" content="https://kamenicky.art/en/product/svetlo-na-konci-tunela/" />
<meta property="og:site_name" content="Laco Kamenický" />
<meta property="article:modified_time" content="2026-01-08T19:52:36+00:00" />
<meta property="og:image" content="https://kamenicky.art/wp-content/uploads/2025/02/Edit-544.jpg" />
	<meta property="og:image:width" content="2048" />
	<meta property="og:image:height" content="1363" />
	<meta property="og:image:type" content="image/jpeg" />
<meta name="twitter:card" content="summary_large_image" />
<meta name="twitter:label1" content="Est. reading time" />
	<meta name="twitter:data1" content="1 minute" />
<script type="application/ld+json" class="yoast-schema-graph">{"@context":"https://schema.org","@graph":[{"@type":"WebPage","@id":"https://kamenicky.art/produkt/svetlo-na-konci-tunela/","url":"https://kamenicky.art/produkt/svetlo-na-konci-tunela/","name":"SVETLO NA KONCI TUNELA - Laco Kamenický","isPartOf":{"@id":"https://kamenicky.art/#website"},"primaryImageOfPage":{"@id":"https://kamenicky.art/produkt/svetlo-na-konci-tunela/#primaryimage"},"image":{"@id":"https://kamenicky.art/produkt/svetlo-na-konci-tunela/#primaryimage"},"thumbnailUrl":"https://kamenicky.art/wp-content/uploads/2025/02/Edit-544.jpg","datePublished":"2020-03-03T16:54:41+00:00","dateModified":"2026-01-08T19:52:36+00:00","breadcrumb":{"@id":"https://kamenicky.art/produkt/svetlo-na-konci-tunela/#breadcrumb"},"inLanguage":"en-US","potentialAction":[{"@type":"ReadAction","target":["https://kamenicky.art/produkt/svetlo-na-konci-tunela/"]}]},{"@type":"ImageObject","inLanguage":"en-US","@id":"https://kamenicky.art/produkt/svetlo-na-konci-tunela/#primaryimage","url":"https://kamenicky.art/wp-content/uploads/2025/02/Edit-544.jpg","contentUrl":"https://kamenicky.art/wp-content/uploads/2025/02/Edit-544.jpg","width":2048,"height":1363},{"@type":"BreadcrumbList","@id":"https://kamenicky.art/produkt/svetlo-na-konci-tunela/#breadcrumb","itemListElement":[{"@type":"ListItem","position":1,"name":"Home","item":"https://kamenicky.art/"},{"@type":"ListItem","position":2,"name":"Obchod","item":"https://kamenicky.art/?page_id=567"},{"@type":"ListItem","position":3,"name":"SVETLO NA KONCI TUNELA"}]},{"@type":"WebSite","@id":"https://kamenicky.art/#website","url":"https://kamenicky.art/","name":"Laco Kamenický","description":"","publisher":{"@id":"https://kamenicky.art/#organization"},"potentialAction":[{"@type":"SearchAction","target":{"@type":"EntryPoint","urlTemplate":"https://kamenicky.art/?s={search_term_string}"},"query-input":{"@type":"PropertyValueSpecification","valueRequired":true,"valueName":"search_term_string"}}],"inLanguage":"en-US"},{"@type":"Organization","@id":"https://kamenicky.art/#organization","name":"Laco Kamenický","url":"https://kamenicky.art/","logo":{"@type":"ImageObject","inLanguage":"en-US","@id":"https://kamenicky.art/#/schema/logo/image/","url":"https://kamenicky.art/wp-content/uploads/2025/07/logo_lk.jpg","contentUrl":"https://kamenicky.art/wp-content/uploads/2025/07/logo_lk.jpg","width":900,"height":900,"caption":"Laco Kamenický"},"image":{"@id":"https://kamenicky.art/#/schema/logo/image/"}}]}</script>
<!-- / Yoast SEO plugin. -->

SVETLO NA KONCI TUNELA - Laco Kamenický

V diele SVETLO NA KONCI TUNELA autor pracuje s dynamickou kompozíciou a vírivým pohybom línií, čím evokuje prechod z temnoty do svetla v kontexte kozmickej perspektívy. Autor využíva pastóznu textúru a chromatickú gradáciu od chladných modrozelených tónov k žiarivej zlatej, čím vytvára optickú hĺbku a ilúziu priestorového posunu. Expresívna maľba a rytmické štruktúry zdôrazňujú kinetiku a [&hellip;]

Laco Kamenický
